{"id":98,"date":"2011-11-14T09:13:14","date_gmt":"2011-11-14T08:13:14","guid":{"rendered":"http:\/\/haun-media.de\/tiltdesign2\/2011\/11\/14\/canoscan-9000f-intro\/"},"modified":"2018-07-05T06:19:42","modified_gmt":"2018-07-05T04:19:42","slug":"canoscan-9000f-intro","status":"publish","type":"page","link":"https:\/\/haun-media.de\/tiltdesign\/canoscan-9000f-intro\/","title":{"rendered":"CanoScan 9000F Intro"},"content":{"rendered":"<p>Ich habe mir einmal die M\u00fche gemacht, einige Scantests mit meinem CanoScan 9000F durchzuf\u00fchren. Nat\u00fcrlich geben \u00a0<img loading=\"lazy\" decoding=\"async\" class=\"alignleft wp-image-97 size-full\" style=\"float: left; border-width: 1px; border-style: solid; margin: 5px;\" title=\"Farbglanz Scan\" src=\"https:\/\/haun-media.de\/tiltdesign\/wp-content\/uploads\/2011\/11\/Farbglanz_Grafik.jpg\" alt=\"Farbglanz_Grafik\" width=\"180\" height=\"180\" srcset=\"https:\/\/haun-media.de\/tiltdesign\/wp-content\/uploads\/2011\/11\/Farbglanz_Grafik.jpg 180w, https:\/\/haun-media.de\/tiltdesign\/wp-content\/uploads\/2011\/11\/Farbglanz_Grafik-150x150.jpg 150w\" sizes=\"auto, (max-width: 180px) 100vw, 180px\" \/> diese Tests nur einen groben Eindruck wieder. Es gibt massenweise R\u00e4dchen und Einstellungen an denen man bei der verwendeten Software rumfummeln kann. Ich habe die Standardeinstellungen zum jeweiligen Filmtyp benutzt. In verschieden Foren wird darauf hingewiesen, dass die Einstellungen des Kodak TMAX 100 in VueScan angewendet werden k\u00f6nnen, da dort der ILford FP4 nicht vorhanden ist. Im &#8218;Silverfast Se&#8216; Test habe ich auch ein gutes Ergebnis mit dem Kodak TMAX 100 erzielt. Das erste Foto ist ein <strong>Scan der Firma Farbglanz<\/strong>. Laut Anfrage wird da ein <strong><span style=\"font-size: 13px; color: #000000; background-color: transparent; font-family: 'arial', 'helvetica', sans-serif;\">Fuji Frontier Scanner<\/span><\/strong>\u00a0eingesetzt. Ich habe es mal als Referenz-Scan mit auf die Seite genommen. Die Bildbearbeitungen sind sanfte \ud83d\ude42 Bearbeitungen und der Reihe nach aufgef\u00fchrt. Die Bildgr\u00f6\u00dfe wurde mit Photoshop angepasst.<br \/>\nBildgr\u00f6\u00dfe: &#8222;Bikubisch sch\u00e4rfer (optimal bei Verkleinerungen)&#8220;<\/p>\n<p>Test\u00a0<span style=\"color: #000080;\"><a href=\"https:\/\/haun-media.de\/tiltdesign\/canoscan-9000f-bilder\/\">CanoScan 9000F Bilder<\/a><\/span><\/p>\n<p>Scansoftware:<br \/>\n&#8211; Canon MP Navigator EX<br \/>\n&#8211; VueScan 9.0.10. Professional Edition<br \/>\n&#8211; Silverfast Canon SE v.6.6. 1r5<br \/>\n&#8211; Silverfast AI Studio Demo 8.0.1r2<\/p>\n<p>Filmmaterial:<br \/>\n&#8211; Ilford FP4 Plus | ISO 125\/21\u00b0 | 120 Rollfilm fotografiert mit Kiev60 | Volna-3 80mm<\/p>\n<p>Reihenfolge und Beschreibung der Scans:<br \/>\n&#8211; 01. Farbglanz Scanner Referenzbild | unbearbeitet<br \/>\n&#8211; 02. Canon MP Navigator EX | unbearbeitet | 3600 DPI<br \/>\n&#8211; 03. Canon MP Navigator EX | bearbeitet | 3600 DPI\u00b7<br \/>\n&#8211; 04. VueScan | Kodak XP2 | unbearbeitet | 4800 DPI<br \/>\n&#8211; 05. VueScan | Kodak XP2 | bearbeitet | 4800 DPI<br \/>\n&#8211; 06. VueScan | Kodak TMAX 100 | unbearbeitet | 4800 DPI<br \/>\n&#8211; 07. VueScan | Kodak TMAX 100 | bearbeitet | 4800 DPI<br \/>\n&#8211; 08. Silverfast Se | Ilford FP4 | unbearbeitet | 3600 DPI<br \/>\n&#8211; 09. Silverfast Se | Ilford FP4 | bearbeitet | 3600 DPI<br \/>\n&#8211; 10. Silverfast Se | Kodak TMAX 100 | unbearbeitet | 3600 DPI<br \/>\n&#8211; 11. Silverfast Se | Kodak TMAX 100 | bearbeitet | 3600 DPI<br \/>\n&#8211; 12. Silverfast AI | Ilford FP4 | unbearbeitet | 4800 DPI<br \/>\n&#8211; 13. Silverfast AI | Ilford FP4 | bearbeitet | 4800 DPI<\/p>\n<p>Die bearbeiteten Scans wurden mit Photoshop modifiziert:<br \/>\n&#8211; 01. Bildgr\u00f6\u00dfe: 72 DPI 800 x 800 Pixel | Bikubisch sch\u00e4rfer (optimal bei Verkleinerungen)<br \/>\n&#8211; 02. Schwarzwei\u00df<br \/>\n&#8211; 03. Auto-Kontrast<br \/>\n&#8211; 04. Gradationskurven: Dunkler<\/p>\n","protected":false},"excerpt":{"rendered":"<p>Ich habe mir einmal die M\u00fche gemacht, einige Scantests mit meinem CanoScan 9000F durchzuf\u00fchren. Nat\u00fcrlich geben \u00a0 diese Tests nur einen groben Eindruck wieder. Es gibt massenweise R\u00e4dchen und Einstellungen an denen man bei der verwendeten Software rumfummeln kann. Ich habe die Standardeinstellungen zum jeweiligen Filmtyp benutzt. In verschieden Foren wird darauf hingewiesen, dass die&#8230;<\/p>\n<p class=\"more-link\"><a href=\"https:\/\/haun-media.de\/tiltdesign\/canoscan-9000f-intro\/\" class=\"themebutton3\">Read More<\/a><\/p>\n","protected":false},"author":2,"featured_media":97,"parent":0,"menu_order":1,"comment_status":"closed","ping_status":"open","template":"","meta":{"footnotes":""},"class_list":["post-98","page","type-page","status-publish","has-post-thumbnail","hentry"],"_links":{"self":[{"href":"https:\/\/haun-media.de\/tiltdesign\/wp-json\/wp\/v2\/pages\/98","targetHints":{"allow":["GET"]}}],"collection":[{"href":"https:\/\/haun-media.de\/tiltdesign\/wp-json\/wp\/v2\/pages"}],"about":[{"href":"https:\/\/haun-media.de\/tiltdesign\/wp-json\/wp\/v2\/types\/page"}],"author":[{"embeddable":true,"href":"https:\/\/haun-media.de\/tiltdesign\/wp-json\/wp\/v2\/users\/2"}],"replies":[{"embeddable":true,"href":"https:\/\/haun-media.de\/tiltdesign\/wp-json\/wp\/v2\/comments?post=98"}],"version-history":[{"count":3,"href":"https:\/\/haun-media.de\/tiltdesign\/wp-json\/wp\/v2\/pages\/98\/revisions"}],"predecessor-version":[{"id":2788,"href":"https:\/\/haun-media.de\/tiltdesign\/wp-json\/wp\/v2\/pages\/98\/revisions\/2788"}],"wp:featuredmedia":[{"embeddable":true,"href":"https:\/\/haun-media.de\/tiltdesign\/wp-json\/wp\/v2\/media\/97"}],"wp:attachment":[{"href":"https:\/\/haun-media.de\/tiltdesign\/wp-json\/wp\/v2\/media?parent=98"}],"curies":[{"name":"wp","href":"https:\/\/api.w.org\/{rel}","templated":true}]}}